{"id":30140,"date":"2022-04-22T17:01:12","date_gmt":"2022-04-22T19:01:12","guid":{"rendered":"https:\/\/napa.gl\/?page_id=30140"},"modified":"2023-05-31T09:38:42","modified_gmt":"2023-05-31T11:38:42","slug":"kulturpolitik","status":"publish","type":"page","link":"https:\/\/napa.gl\/da\/aktiviteter\/groenlandske-samtaler-i-norden\/kulturpolitik\/","title":{"rendered":"Kulturpolitik"},"content":{"rendered":"\t\t<div data-elementor-type=\"wp-page\" data-elementor-id=\"30140\" class=\"elementor elementor-30140\" data-elementor-post-type=\"page\">\n\t\t\t\t\t\t<section class=\"elementor-section elementor-top-section elementor-element elementor-element-5d41905c elementor-section-boxed elementor-section-height-default elementor-section-height-default parallax_section_no qode_elementor_container_no\" data-id=\"5d41905c\" data-element_type=\"section\" data-e-type=\"section\">\n\t\t\t\t\t\t<div class=\"elementor-container elementor-column-gap-default\">\n\t\t\t\t\t<div class=\"elementor-column elementor-col-66 elementor-top-column elementor-element elementor-element-40307c08\" data-id=\"40307c08\" data-element_type=\"column\" data-e-type=\"column\">\n\t\t\t<div class=\"elementor-widget-wrap elementor-element-populated\">\n\t\t\t\t\t\t<div class=\"elementor-element elementor-element-13841894 elementor-widget__width-inherit e-transform e-transform elementor-headline--style-highlight elementor-widget elementor-widget-animated-headline\" data-id=\"13841894\" data-element_type=\"widget\" data-e-type=\"widget\" data-settings=\"{&quot;marker&quot;:&quot;underline&quot;,&quot;highlighted_text&quot;:&quot;- kommer senere&quot;,&quot;_animation&quot;:&quot;none&quot;,&quot;_transform_translateX_effect&quot;:{&quot;unit&quot;:&quot;px&quot;,&quot;size&quot;:-73,&quot;sizes&quot;:[]},&quot;_transform_translateY_effect&quot;:{&quot;unit&quot;:&quot;px&quot;,&quot;size&quot;:12,&quot;sizes&quot;:[]},&quot;_transform_scale_effect&quot;:{&quot;unit&quot;:&quot;px&quot;,&quot;size&quot;:1.2,&quot;sizes&quot;:[]},&quot;headline_style&quot;:&quot;highlight&quot;,&quot;highlight_animation_duration&quot;:1200,&quot;_transform_translateX_effect_tablet&quot;:{&quot;unit&quot;:&quot;px&quot;,&quot;size&quot;:&quot;&quot;,&quot;sizes&quot;:[]},&quot;_transform_translateX_effect_mobile&quot;:{&quot;unit&quot;:&quot;px&quot;,&quot;size&quot;:&quot;&quot;,&quot;sizes&quot;:[]},&quot;_transform_translateY_effect_tablet&quot;:{&quot;unit&quot;:&quot;px&quot;,&quot;size&quot;:&quot;&quot;,&quot;sizes&quot;:[]},&quot;_transform_translateY_effect_mobile&quot;:{&quot;unit&quot;:&quot;px&quot;,&quot;size&quot;:&quot;&quot;,&quot;sizes&quot;:[]},&quot;_transform_scale_effect_tablet&quot;:{&quot;unit&quot;:&quot;px&quot;,&quot;size&quot;:&quot;&quot;,&quot;sizes&quot;:[]},&quot;_transform_scale_effect_mobile&quot;:{&quot;unit&quot;:&quot;px&quot;,&quot;size&quot;:&quot;&quot;,&quot;sizes&quot;:[]}}\" data-widget_type=\"animated-headline.default\">\n\t\t\t\t<div class=\"elementor-widget-container\">\n\t\t\t\t\t\t\t<h3 class=\"elementor-headline\">\n\t\t\t\t\t<span class=\"elementor-headline-plain-text elementor-headline-text-wrapper\">Kulturpolitik<\/span>\n\t\t\t\t<span class=\"elementor-headline-dynamic-wrapper elementor-headline-text-wrapper\">\n\t\t\t\t\t<span class=\"elementor-headline-dynamic-text elementor-headline-text-active\">- kommer senere<\/span>\n\t\t\t\t<\/span>\n\t\t\t\t<\/h3>\n\t\t\t\t\t\t<\/div>\n\t\t\t\t<\/div>\n\t\t\t\t\t<\/div>\n\t\t<\/div>\n\t\t\t\t<div class=\"elementor-column elementor-col-33 elementor-top-column elementor-element elementor-element-681d3e22\" data-id=\"681d3e22\" data-element_type=\"column\" data-e-type=\"column\">\n\t\t\t<div class=\"elementor-widget-wrap elementor-element-populated\">\n\t\t\t\t\t\t<div class=\"elementor-element elementor-element-57ebd3ff elementor-widget elementor-widget-button\" data-id=\"57ebd3ff\" data-element_type=\"widget\" data-e-type=\"widget\" data-widget_type=\"button.default\">\n\t\t\t\t<div class=\"elementor-widget-container\">\n\t\t\t\t\t\t\t\t\t<div class=\"elementor-button-wrapper\">\n\t\t\t\t\t<a class=\"elementor-button elementor-button-link elementor-size-sm\" href=\"https:\/\/napa.gl\/da\/aktiviteter\/groenlandske-samtaler-i-norden\/\">\n\t\t\t\t\t\t<span class=\"elementor-button-content-wrapper\">\n\t\t\t\t\t\t<span class=\"elementor-button-icon\">\n\t\t\t\t<i aria-hidden=\"true\" class=\"far fa-arrow-alt-circle-left\"><\/i>\t\t\t<\/span>\n\t\t\t\t\t\t\t\t\t<span class=\"elementor-button-text\">Tilbage til forsiden<\/span>\n\t\t\t\t\t<\/span>\n\t\t\t\t\t<\/a>\n\t\t\t\t<\/div>\n\t\t\t\t\t\t\t\t<\/div>\n\t\t\t\t<\/div>\n\t\t\t\t<div class=\"elementor-element elementor-element-5f702038 elementor-widget elementor-widget-text-editor\" data-id=\"5f702038\" data-element_type=\"widget\" data-e-type=\"widget\" data-widget_type=\"text-editor.default\">\n\t\t\t\t<div class=\"elementor-widget-container\">\n\t\t\t\t\t\t\t\t\t<p>Moderator: Nathan Kreutzmann<\/p><p>Producer &amp; Foto: Aqqalu Augustussen<\/p>\t\t\t\t\t\t\t\t<\/div>\n\t\t\t\t<\/div>\n\t\t\t\t\t<\/div>\n\t\t<\/div>\n\t\t\t\t\t<\/div>\n\t\t<\/section>\n\t\t\t\t<section class=\"elementor-section elementor-top-section elementor-element elementor-element-480ac5bd elementor-section-full_width elementor-section-height-default elementor-section-height-default parallax_section_no qode_elementor_container_no\" data-id=\"480ac5bd\" data-element_type=\"section\" data-e-type=\"section\">\n\t\t\t\t\t\t<div class=\"elementor-container elementor-column-gap-narrow\">\n\t\t\t\t\t<div class=\"elementor-column elementor-col-100 elementor-top-column elementor-element elementor-element-69aaeebe\" data-id=\"69aaeebe\" data-element_type=\"column\" data-e-type=\"column\">\n\t\t\t<div class=\"elementor-widget-wrap elementor-element-populated\">\n\t\t\t\t\t\t<section class=\"elementor-section elementor-inner-section elementor-element elementor-element-1c2a1f5 elementor-section-boxed elementor-section-height-default elementor-section-height-default parallax_section_no qode_elementor_container_no\" data-id=\"1c2a1f5\" data-element_type=\"section\" data-e-type=\"section\">\n\t\t\t\t\t\t<div class=\"elementor-container elementor-column-gap-narrow\">\n\t\t\t\t\t<div class=\"elementor-column elementor-col-66 elementor-inner-column elementor-element elementor-element-727bdd60\" data-id=\"727bdd60\" data-element_type=\"column\" data-e-type=\"column\">\n\t\t\t<div class=\"elementor-widget-wrap elementor-element-populated\">\n\t\t\t\t\t\t<div class=\"elementor-element elementor-element-73ffaafa elementor-widget elementor-widget-text-editor\" data-id=\"73ffaafa\" data-element_type=\"widget\" data-e-type=\"widget\" data-widget_type=\"text-editor.default\">\n\t\t\t\t<div class=\"elementor-widget-container\">\n\t\t\t\t\t\t\t\t\t<h5><strong>Forholdene for kulturelle kunstnere skal forbedres<\/strong><\/h5><p>\u00a0<\/p><p>Under valgkampene g\u00e5r kandidaterne gang p\u00e5 gang til valg p\u00e5 at fremh\u00e6ve betydningen af kulturakt\u00f8rer og kunstnere og p\u00e5 at skulle forbedre vilk\u00e5rene for dem.<\/p><p>\u00a0<\/p><p>Men det er ikke s\u00e5 let at opn\u00e5 de m\u00e5l, n\u00e5r man er blevet valgt ind, fort\u00e6ller Naalakkersuisoq for kultur, Peter Olsen. Det er dog en m\u00e5ls\u00e6tning at forbedrede forholdene for kunstnere, men der kan ikke blot kastes penge efter alle, fort\u00e6ller Naalakkersuisoq.<\/p><p>\u00a0<\/p><p style=\"background-color: #ffffff; margin-bottom: 22px;\">Her er en opsummering af samtalen med Peter Olsen. Du kan se eller lytte til samtalen nedenfor.<\/p><p style=\"background-color: #ffffff; margin-bottom: 22px;\">Obs.: Peter Olsen taler gr\u00f8nlandsk.<\/p><p style=\"background-color: #ffffff; margin-bottom: 22px;\">Peter Olsen:<\/p><p style=\"background-color: #ffffff; margin-bottom: 22px;\">\u2013 Forholdene for kunst- og kulturakt\u00f8rer er bedre i dag end for 30 \u00e5r siden.<\/p><p style=\"background-color: #ffffff; margin-bottom: 22px;\">\u2013 Det gr\u00f8nlandske Selvstyre vil pr\u00e6sentere en ny forskningsstrategi. (Red. efter samtalen blev strategien publiceret januar 2023.)<\/p><p style=\"background-color: #ffffff; margin-bottom: 22px;\">\u2013 Det gr\u00f8nlandske Selvstyre har gennem finansloven h\u00e6vet tilskuddet til Gr\u00f8nlands Nationalteater fra 8,9 millioner kroner til 10 millioner kroner \u00e5rligt.<\/p><p style=\"background-color: #ffffff; margin-bottom: 22px;\">\u2013 Teaterchef Susanne Andreasen \u00f8nsker, at Gr\u00f8nlands Nationalteater f\u00e5r fire millioner kroner mere \u00e5rligt. Peter Olsen forst\u00e5r \u00f8nsket men forklarer, at det er sv\u00e6rt at finde flere penge, is\u00e6r under den nuv\u00e6rende \u00f8konomiske situation efter Covid-19 og krigen i Ukraine.<\/p><p style=\"background-color: #ffffff; margin-bottom: 22px;\">\u2013 Peter Olsen mener, at litteraturomr\u00e5det i Gr\u00f8nland skal begynde at kigge mere mod de digitale muligheder. For eksempel er det nemmere og billigere at udgive b\u00f8ger som e-b\u00f8ger.<\/p><p style=\"background-color: #ffffff; margin-bottom: 22px;\">\u2013 Peter Olsen vil gerne et armsl\u00e6ngdeprincip, s\u00e5 det ikke er politikerne der udv\u00e6lger kunstnere til kulturpriser.<\/p><p style=\"background-color: #ffffff; margin-bottom: 22px;\">\u2013 Oprettelsen af et filminstitut er p\u00e5 tegnebr\u00e6ttet fra politikerens side, og han \u00f8nsker at videreudvikle id\u00e9en samt finde penge til det p\u00e5 finansloven.<\/p><p style=\"background-color: #ffffff; margin-bottom: 22px;\">\u2013 Peter Olsen erkender, at myndighederne b\u00f8r give kunst-og kulturakt\u00f8rer bedre forhold.<\/p>\t\t\t\t\t\t\t\t<\/div>\n\t\t\t\t<\/div>\n\t\t\t\t\t<\/div>\n\t\t<\/div>\n\t\t\t\t<div class=\"elementor-column elementor-col-33 elementor-inner-column elementor-element elementor-element-1312c5ef\" data-id=\"1312c5ef\" data-element_type=\"column\" data-e-type=\"column\">\n\t\t\t<div class=\"elementor-widget-wrap elementor-element-populated\">\n\t\t\t\t\t\t<div class=\"elementor-element elementor-element-5ec6833b elementor-widget elementor-widget-bridge_image_hover\" data-id=\"5ec6833b\" data-element_type=\"widget\" data-e-type=\"widget\" data-widget_type=\"bridge_image_hover.default\">\n\t\t\t\t<div class=\"elementor-widget-container\">\n\t\t\t\t\t<div class=\"image_hover \" data-transition-delay=\"\"><div class=\"images_holder\"><img decoding=\"async\" itemprop=\"image\" class=\"active_image \" src=\"https:\/\/napa.gl\/wp-content\/uploads\/2022\/06\/DSC_8114-Edit-Enhanced-scaled.jpg\" alt=\"Peter Olsen, Naalakkersuisoq for Kultur\" style=\"\" \/><img decoding=\"async\" itemprop=\"image\" class=\"hover_image\" src=\"https:\/\/napa.gl\/wp-content\/uploads\/2021\/12\/IMG_3774-scaled.jpg\" alt=\"Hover Image\" style=\"\" \/><\/div><\/div>\t\t\t\t<\/div>\n\t\t\t\t<\/div>\n\t\t\t\t\t<\/div>\n\t\t<\/div>\n\t\t\t\t\t<\/div>\n\t\t<\/section>\n\t\t\t\t\t<\/div>\n\t\t<\/div>\n\t\t\t\t\t<\/div>\n\t\t<\/section>\n\t\t\t\t<section class=\"elementor-section elementor-top-section elementor-element elementor-element-75ea06b elementor-section-boxed elementor-section-height-default elementor-section-height-default parallax_section_no qode_elementor_container_no\" data-id=\"75ea06b\" data-element_type=\"section\" data-e-type=\"section\">\n\t\t\t\t\t\t<div class=\"elementor-container elementor-column-gap-default\">\n\t\t\t\t\t<div class=\"elementor-column elementor-col-100 elementor-top-column elementor-element elementor-element-2b17640\" data-id=\"2b17640\" data-element_type=\"column\" data-e-type=\"column\">\n\t\t\t<div class=\"elementor-widget-wrap elementor-element-populated\">\n\t\t\t\t\t\t<div class=\"elementor-element elementor-element-cce909e elementor-widget elementor-widget-video\" data-id=\"cce909e\" data-element_type=\"widget\" data-e-type=\"widget\" data-settings=\"{&quot;video_type&quot;:&quot;vimeo&quot;}\" data-widget_type=\"video.default\">\n\t\t\t\t<div class=\"elementor-widget-container\">\n\t\t\t\t\t\t\t<div class=\"elementor-wrapper elementor-open-inline\">\n\t\t\t<iframe class=\"elementor-video-iframe\" allowfullscreen allow=\"clipboard-write\" title=\"vimeo videoafspiller\" src=\"https:\/\/player.vimeo.com\/video\/829522493?color&amp;autopause=0&amp;loop=0&amp;muted=0&amp;title=1&amp;portrait=1&amp;byline=1#t=\"><\/iframe>\t\t<\/div>\n\t\t\t\t\t\t<\/div>\n\t\t\t\t<\/div>\n\t\t\t\t\t<\/div>\n\t\t<\/div>\n\t\t\t\t\t<\/div>\n\t\t<\/section>\n\t\t\t\t<\/div>\n\t\t","protected":false},"excerpt":{"rendered":"<p>Kulturpolitik &#8211; kommer senere Tilbage til forsiden Moderator: Nathan Kreutzmann Producer &amp; Foto: Aqqalu Augustussen Forholdene for kulturelle kunstnere skal forbedres \u00a0 Under valgkampene g\u00e5r kandidaterne gang p\u00e5 gang til valg p\u00e5 at fremh\u00e6ve betydningen af kulturakt\u00f8rer og kunstnere og p\u00e5 at skulle forbedre vilk\u00e5rene&#8230;<\/p>\n","protected":false},"author":24,"featured_media":20777,"parent":29827,"menu_order":0,"comment_status":"closed","ping_status":"closed","template":"","meta":{"footnotes":""},"categories":[144,145,137,104,227,146,138],"class_list":["post-30140","page","type-page","status-publish","has-post-thumbnail","hentry","category-issitor-miunut-sammiliviiffik","category-kalaallit-nunaat","category-kinaassuseq","category-kulturi","category-nordic-talks-2","category-nunat-avannarliit","category-oqaatsit"],"_links":{"self":[{"href":"https:\/\/napa.gl\/da\/wp-json\/wp\/v2\/pages\/30140","targetHints":{"allow":["GET"]}}],"collection":[{"href":"https:\/\/napa.gl\/da\/wp-json\/wp\/v2\/pages"}],"about":[{"href":"https:\/\/napa.gl\/da\/wp-json\/wp\/v2\/types\/page"}],"author":[{"embeddable":true,"href":"https:\/\/napa.gl\/da\/wp-json\/wp\/v2\/users\/24"}],"replies":[{"embeddable":true,"href":"https:\/\/napa.gl\/da\/wp-json\/wp\/v2\/comments?post=30140"}],"version-history":[{"count":33,"href":"https:\/\/napa.gl\/da\/wp-json\/wp\/v2\/pages\/30140\/revisions"}],"predecessor-version":[{"id":32968,"href":"https:\/\/napa.gl\/da\/wp-json\/wp\/v2\/pages\/30140\/revisions\/32968"}],"up":[{"embeddable":true,"href":"https:\/\/napa.gl\/da\/wp-json\/wp\/v2\/pages\/29827"}],"wp:featuredmedia":[{"embeddable":true,"href":"https:\/\/napa.gl\/da\/wp-json\/wp\/v2\/media\/20777"}],"wp:attachment":[{"href":"https:\/\/napa.gl\/da\/wp-json\/wp\/v2\/media?parent=30140"}],"wp:term":[{"taxonomy":"category","embeddable":true,"href":"https:\/\/napa.gl\/da\/wp-json\/wp\/v2\/categories?post=30140"}],"curies":[{"name":"wp","href":"https:\/\/api.w.org\/{rel}","templated":true}]}}

<div data-elementor-type="wp-page" data-elementor-id="30140" class="elementor elementor-30140" data-elementor-post-type="page">
						<section class="elementor-section elementor-top-section elementor-element elementor-element-5d41905c elementor-section-boxed elementor-section-height-default elementor-section-height-default parallax_section_no qode_elementor_container_no" data-id="5d41905c" data-element_type="section" data-e-type="section">
						<div class="elementor-container elementor-column-gap-default">
					<div class="elementor-column elementor-col-66 elementor-top-column elementor-element elementor-element-40307c08" data-id="40307c08" data-element_type="column" data-e-type="column">
			<div class="elementor-widget-wrap elementor-element-populated">
						<div class="elementor-element elementor-element-13841894 elementor-widget__width-inherit e-transform e-transform elementor-headline--style-highlight elementor-widget elementor-widget-animated-headline" data-id="13841894" data-element_type="widget" data-e-type="widget" data-settings="{&quot;marker&quot;:&quot;underline&quot;,&quot;highlighted_text&quot;:&quot;- kommer senere&quot;,&quot;_animation&quot;:&quot;none&quot;,&quot;_transform_translateX_effect&quot;:{&quot;unit&quot;:&quot;px&quot;,&quot;size&quot;:-73,&quot;sizes&quot;:[]},&quot;_transform_translateY_effect&quot;:{&quot;unit&quot;:&quot;px&quot;,&quot;size&quot;:12,&quot;sizes&quot;:[]},&quot;_transform_scale_effect&quot;:{&quot;unit&quot;:&quot;px&quot;,&quot;size&quot;:1.2,&quot;sizes&quot;:[]},&quot;headline_style&quot;:&quot;highlight&quot;,&quot;highlight_animation_duration&quot;:1200,&quot;_transform_translateX_effect_tablet&quot;:{&quot;unit&quot;:&quot;px&quot;,&quot;size&quot;:&quot;&quot;,&quot;sizes&quot;:[]},&quot;_transform_translateX_effect_mobile&quot;:{&quot;unit&quot;:&quot;px&quot;,&quot;size&quot;:&quot;&quot;,&quot;sizes&quot;:[]},&quot;_transform_translateY_effect_tablet&quot;:{&quot;unit&quot;:&quot;px&quot;,&quot;size&quot;:&quot;&quot;,&quot;sizes&quot;:[]},&quot;_transform_translateY_effect_mobile&quot;:{&quot;unit&quot;:&quot;px&quot;,&quot;size&quot;:&quot;&quot;,&quot;sizes&quot;:[]},&quot;_transform_scale_effect_tablet&quot;:{&quot;unit&quot;:&quot;px&quot;,&quot;size&quot;:&quot;&quot;,&quot;sizes&quot;:[]},&quot;_transform_scale_effect_mobile&quot;:{&quot;unit&quot;:&quot;px&quot;,&quot;size&quot;:&quot;&quot;,&quot;sizes&quot;:[]}}" data-widget_type="animated-headline.default">
				<div class="elementor-widget-container">
							<h3 class="elementor-headline">
					<span class="elementor-headline-plain-text elementor-headline-text-wrapper">Kulturpolitik</span>
				<span class="elementor-headline-dynamic-wrapper elementor-headline-text-wrapper">
					<span class="elementor-headline-dynamic-text elementor-headline-text-active">- kommer senere</span>
				</span>
				</h3>
						</div>
				</div>
					</div>
		</div>
				<div class="elementor-column elementor-col-33 elementor-top-column elementor-element elementor-element-681d3e22" data-id="681d3e22" data-element_type="column" data-e-type="column">
			<div class="elementor-widget-wrap elementor-element-populated">
						<div class="elementor-element elementor-element-57ebd3ff elementor-widget elementor-widget-button" data-id="57ebd3ff" data-element_type="widget" data-e-type="widget" data-widget_type="button.default">
				<div class="elementor-widget-container">
									<div class="elementor-button-wrapper">
					<a class="elementor-button elementor-button-link elementor-size-sm" href="https://napa.gl/da/aktiviteter/groenlandske-samtaler-i-norden/">
						<span class="elementor-button-content-wrapper">
						<span class="elementor-button-icon">
				<i aria-hidden="true" class="far fa-arrow-alt-circle-left"></i>			</span>
									<span class="elementor-button-text">Tilbage til forsiden</span>
					</span>
					</a>
				</div>
								</div>
				</div>
				<div class="elementor-element elementor-element-5f702038 elementor-widget elementor-widget-text-editor" data-id="5f702038" data-element_type="widget" data-e-type="widget" data-widget_type="text-editor.default">
				<div class="elementor-widget-container">
									<p>Moderator: Nathan Kreutzmann</p><p>Producer &amp; Foto: Aqqalu Augustussen</p>								</div>
				</div>
					</div>
		</div>
					</div>
		</section>
				<section class="elementor-section elementor-top-section elementor-element elementor-element-480ac5bd elementor-section-full_width elementor-section-height-default elementor-section-height-default parallax_section_no qode_elementor_container_no" data-id="480ac5bd" data-element_type="section" data-e-type="section">
						<div class="elementor-container elementor-column-gap-narrow">
					<div class="elementor-column elementor-col-100 elementor-top-column elementor-element elementor-element-69aaeebe" data-id="69aaeebe" data-element_type="column" data-e-type="column">
			<div class="elementor-widget-wrap elementor-element-populated">
						<section class="elementor-section elementor-inner-section elementor-element elementor-element-1c2a1f5 elementor-section-boxed elementor-section-height-default elementor-section-height-default parallax_section_no qode_elementor_container_no" data-id="1c2a1f5" data-element_type="section" data-e-type="section">
						<div class="elementor-container elementor-column-gap-narrow">
					<div class="elementor-column elementor-col-66 elementor-inner-column elementor-element elementor-element-727bdd60" data-id="727bdd60" data-element_type="column" data-e-type="column">
			<div class="elementor-widget-wrap elementor-element-populated">
						<div class="elementor-element elementor-element-73ffaafa elementor-widget elementor-widget-text-editor" data-id="73ffaafa" data-element_type="widget" data-e-type="widget" data-widget_type="text-editor.default">
				<div class="elementor-widget-container">
									<h5><strong>Forholdene for kulturelle kunstnere skal forbedres</strong></h5><p> </p><p>Under valgkampene går kandidaterne gang på gang til valg på at fremhæve betydningen af kulturaktører og kunstnere og på at skulle forbedre vilkårene for dem.</p><p> </p><p>Men det er ikke så let at opnå de mål, når man er blevet valgt ind, fortæller Naalakkersuisoq for kultur, Peter Olsen. Det er dog en målsætning at forbedrede forholdene for kunstnere, men der kan ikke blot kastes penge efter alle, fortæller Naalakkersuisoq.</p><p> </p><p style="background-color: #ffffff; margin-bottom: 22px;">Her er en opsummering af samtalen med Peter Olsen. Du kan se eller lytte til samtalen nedenfor.</p><p style="background-color: #ffffff; margin-bottom: 22px;">Obs.: Peter Olsen taler grønlandsk.</p><p style="background-color: #ffffff; margin-bottom: 22px;">Peter Olsen:</p><p style="background-color: #ffffff; margin-bottom: 22px;">– Forholdene for kunst- og kulturaktører er bedre i dag end for 30 år siden.</p><p style="background-color: #ffffff; margin-bottom: 22px;">– Det grønlandske Selvstyre vil præsentere en ny forskningsstrategi. (Red. efter samtalen blev strategien publiceret januar 2023.)</p><p style="background-color: #ffffff; margin-bottom: 22px;">– Det grønlandske Selvstyre har gennem finansloven hævet tilskuddet til Grønlands Nationalteater fra 8,9 millioner kroner til 10 millioner kroner årligt.</p><p style="background-color: #ffffff; margin-bottom: 22px;">– Teaterchef Susanne Andreasen ønsker, at Grønlands Nationalteater får fire millioner kroner mere årligt. Peter Olsen forstår ønsket men forklarer, at det er svært at finde flere penge, især under den nuværende økonomiske situation efter Covid-19 og krigen i Ukraine.</p><p style="background-color: #ffffff; margin-bottom: 22px;">– Peter Olsen mener, at litteraturområdet i Grønland skal begynde at kigge mere mod de digitale muligheder. For eksempel er det nemmere og billigere at udgive bøger som e-bøger.</p><p style="background-color: #ffffff; margin-bottom: 22px;">– Peter Olsen vil gerne et armslængdeprincip, så det ikke er politikerne der udvælger kunstnere til kulturpriser.</p><p style="background-color: #ffffff; margin-bottom: 22px;">– Oprettelsen af et filminstitut er på tegnebrættet fra politikerens side, og han ønsker at videreudvikle idéen samt finde penge til det på finansloven.</p><p style="background-color: #ffffff; margin-bottom: 22px;">– Peter Olsen erkender, at myndighederne bør give kunst-og kulturaktører bedre forhold.</p>								</div>
				</div>
					</div>
		</div>
				<div class="elementor-column elementor-col-33 elementor-inner-column elementor-element elementor-element-1312c5ef" data-id="1312c5ef" data-element_type="column" data-e-type="column">
			<div class="elementor-widget-wrap elementor-element-populated">
						<div class="elementor-element elementor-element-5ec6833b elementor-widget elementor-widget-bridge_image_hover" data-id="5ec6833b" data-element_type="widget" data-e-type="widget" data-widget_type="bridge_image_hover.default">
				<div class="elementor-widget-container">
					<div class="image_hover " data-transition-delay=""><div class="images_holder"><img decoding="async" itemprop="image" class="active_image " src="https://napa.gl/wp-content/uploads/2022/06/DSC_8114-Edit-Enhanced-scaled.jpg" alt="Peter Olsen, Naalakkersuisoq for Kultur" style="" /><img decoding="async" itemprop="image" class="hover_image" src="https://napa.gl/wp-content/uploads/2021/12/IMG_3774-scaled.jpg" alt="Hover Image" style="" /></div></div>				</div>
				</div>
					</div>
		</div>
					</div>
		</section>
					</div>
		</div>
					</div>
		</section>
				<section class="elementor-section elementor-top-section elementor-element elementor-element-75ea06b elementor-section-boxed elementor-section-height-default elementor-section-height-default parallax_section_no qode_elementor_container_no" data-id="75ea06b" data-element_type="section" data-e-type="section">
						<div class="elementor-container elementor-column-gap-default">
					<div class="elementor-column elementor-col-100 elementor-top-column elementor-element elementor-element-2b17640" data-id="2b17640" data-element_type="column" data-e-type="column">
			<div class="elementor-widget-wrap elementor-element-populated">
						<div class="elementor-element elementor-element-cce909e elementor-widget elementor-widget-video" data-id="cce909e" data-element_type="widget" data-e-type="widget" data-settings="{&quot;video_type&quot;:&quot;vimeo&quot;}" data-widget_type="video.default">
				<div class="elementor-widget-container">
							<div class="elementor-wrapper elementor-open-inline">
			<iframe class="elementor-video-iframe" allowfullscreen allow="clipboard-write" title="vimeo videoafspiller" src="https://player.vimeo.com/video/829522493?color&amp;autopause=0&amp;loop=0&amp;muted=0&amp;title=1&amp;portrait=1&amp;byline=1#t="></iframe>		</div>
						</div>
				</div>
					</div>
		</div>
					</div>
		</section>
				</div>

<p>Kulturpolitik &#8211; kommer senere Tilbage til forsiden Moderator: Nathan Kreutzmann Producer &amp; Foto: Aqqalu Augustussen Forholdene for kulturelle kunstnere skal forbedres   Under valgkampene går kandidaterne gang på gang til valg på at fremhæve betydningen af kulturaktører og kunstnere og på at skulle forbedre vilkårene&#8230;</p>
